{"id":393,"date":"2021-06-09T10:17:51","date_gmt":"2021-06-09T09:17:51","guid":{"rendered":"https:\/\/idpprotec.com\/?page_id=393"},"modified":"2021-08-24T20:02:44","modified_gmt":"2021-08-24T19:02:44","slug":"noticias","status":"publish","type":"page","link":"https:\/\/idpprotec.com\/index.php\/noticias\/","title":{"rendered":"Noticias"},"content":{"rendered":"\n<div class=\"wp-block-columns\">\n<div class=\"wp-block-column\" style=\"flex-basis:100%\">\n<h2>Nuevo servicio disponible<\/h2>\n\n\n\n<p><em>Mi\u00e9rcoles 9 de junio de 2021<\/em><\/p>\n\n\n\n<p>Instalamos tu punto de recarga para todo tipo de veh\u00edculos el\u00e9ctricos h\u00edbridos enchufables PHEV, as\u00ed como veh\u00edculos el\u00e9ctricos puros VE. <\/p>\n\n\n\n<p>En iDP Protec 2020, disponemos de personal el\u00e9ctrico especializado que, en colaboraci\u00f3n directa con el fabricante de equipos, puede resolver cada caso de forma particular, y cumpliendo en todo momento la Instrucci\u00f3n T\u00e9cnica ITC-BT-52, aprobada en 2014, del Reglamento Electrot\u00e9cnico de Baja Tensi\u00f3n (REBT).<\/p>\n\n\n\n<div class=\"wp-block-buttons\">\n<div class=\"wp-block-button is-style-fill\"><a class=\"wp-block-button__link\" href=\"https:\/\/idpprotec.com\/index.php\/servicio-tecnico\/instalaciones-electricas\/\" target=\"_blank\" rel=\"noreferrer noopener\"><strong><span class=\"has-inline-color has-accent-1-color\">Leer m\u00e1s<\/span><\/strong><\/a><\/div>\n<\/div>\n<\/div>\n\n\n\n<div class=\"wp-block-column\" style=\"flex-basis:33.33%\">\n<div style=\"height:154px\" aria-hidden=\"true\" class=\"wp-block-spacer\"><\/div>\n\n\n\n<figure class=\"wp-block-image size-large\"><a href=\"https:\/\/idpprotec.com\/index.php\/servicio-tecnico\/instalaciones-electricas\/\"><img loading=\"lazy\" width=\"1024\" height=\"622\" src=\"https:\/\/idpprotec.com\/wp-content\/uploads\/2021\/08\/iDP-Protec-INSTALACIONES-COCHES-ELECTRICOS_movesiii-1024x622.png\" alt=\"\" class=\"wp-image-434\" srcset=\"https:\/\/idpprotec.com\/wp-content\/uploads\/2021\/08\/iDP-Protec-INSTALACIONES-COCHES-ELECTRICOS_movesiii-1024x622.png 1024w, https:\/\/idpprotec.com\/wp-content\/uploads\/2021\/08\/iDP-Protec-INSTALACIONES-COCHES-ELECTRICOS_movesiii-300x182.png 300w, https:\/\/idpprotec.com\/wp-content\/uploads\/2021\/08\/iDP-Protec-INSTALACIONES-COCHES-ELECTRICOS_movesiii-768x466.png 768w, https:\/\/idpprotec.com\/wp-content\/uploads\/2021\/08\/iDP-Protec-INSTALACIONES-COCHES-ELECTRICOS_movesiii-1536x933.png 1536w, https:\/\/idpprotec.com\/wp-content\/uploads\/2021\/08\/iDP-Protec-INSTALACIONES-COCHES-ELECTRICOS_movesiii-2048x1243.png 2048w, https:\/\/idpprotec.com\/wp-content\/uploads\/2021\/08\/iDP-Protec-INSTALACIONES-COCHES-ELECTRICOS_movesiii-494x300.png 494w, https:\/\/idpprotec.com\/wp-content\/uploads\/2021\/08\/iDP-Protec-INSTALACIONES-COCHES-ELECTRICOS_movesiii-496x300.png 496w\" sizes=\"(max-width: 1024px) 100vw, 1024px\" \/><\/a><\/figure>\n<\/div>\n<\/div>\n","protected":false},"excerpt":{"rendered":"<p>Nuevo servicio disponible Mi\u00e9rcoles 9 de junio de 2021 Instalamos tu punto de recarga para todo tipo de veh\u00edculos el\u00e9ctricos h\u00edbridos enchufables PHEV, as\u00ed como &hellip;<\/p>\n","protected":false},"author":1,"featured_media":0,"parent":0,"menu_order":3,"comment_status":"closed","ping_status":"closed","template":"","meta":[],"_links":{"self":[{"href":"https:\/\/idpprotec.com\/index.php\/wp-json\/wp\/v2\/pages\/393"}],"collection":[{"href":"https:\/\/idpprotec.com\/index.php\/wp-json\/wp\/v2\/pages"}],"about":[{"href":"https:\/\/idpprotec.com\/index.php\/wp-json\/wp\/v2\/types\/page"}],"author":[{"embeddable":true,"href":"https:\/\/idpprotec.com\/index.php\/wp-json\/wp\/v2\/users\/1"}],"replies":[{"embeddable":true,"href":"https:\/\/idpprotec.com\/index.php\/wp-json\/wp\/v2\/comments?post=393"}],"version-history":[{"count":18,"href":"https:\/\/idpprotec.com\/index.php\/wp-json\/wp\/v2\/pages\/393\/revisions"}],"predecessor-version":[{"id":437,"href":"https:\/\/idpprotec.com\/index.php\/wp-json\/wp\/v2\/pages\/393\/revisions\/437"}],"wp:attachment":[{"href":"https:\/\/idpprotec.com\/index.php\/wp-json\/wp\/v2\/media?parent=393"}],"curies":[{"name":"wp","href":"https:\/\/api.w.org\/{rel}","templated":true}]}}